{"id":52,"date":"2014-05-22T20:19:34","date_gmt":"2014-05-22T19:19:34","guid":{"rendered":"http:\/\/www.gegenwind-temnitz.de\/?page_id=52"},"modified":"2015-06-23T15:17:52","modified_gmt":"2015-06-23T14:17:52","slug":"ueber-uns","status":"publish","type":"page","link":"http:\/\/www.gegenwind-temnitz.de\/?page_id=52","title":{"rendered":"\u00dcber uns"},"content":{"rendered":"<div id=\"attachment_68\" style=\"width: 310px\" class=\"wp-caption alignnone\"><a href=\"http:\/\/www.gegenwind-temnitz.de\/wp-content\/uploads\/2014\/05\/Logo_BI.gif\"><img loading=\"lazy\" decoding=\"async\" aria-describedby=\"caption-attachment-68\" class=\"size-medium wp-image-68\" src=\"http:\/\/www.gegenwind-temnitz.de\/wp-content\/uploads\/2014\/05\/Logo_BI-300x74.gif\" alt=\"B\u00fcrgerinitiative: Keine neuen Windr\u00e4der in der Temnitz-Region - Gegenwind-Temnitz.de\" width=\"300\" height=\"74\" srcset=\"http:\/\/www.gegenwind-temnitz.de\/wp-content\/uploads\/2014\/05\/Logo_BI-300x74.gif 300w, http:\/\/www.gegenwind-temnitz.de\/wp-content\/uploads\/2014\/05\/Logo_BI-1024x254.gif 1024w, http:\/\/www.gegenwind-temnitz.de\/wp-content\/uploads\/2014\/05\/Logo_BI-624x154.gif 624w\" sizes=\"auto, (max-width: 300px) 100vw, 300px\" \/><\/a><p id=\"caption-attachment-68\" class=\"wp-caption-text\">Logo B\u00fcrgerinitiative: Keine neuen Windr\u00e4der in der Temnitz-Region &#8211; Gegenwind-Temnitz.de<\/p><\/div>\n<p><strong>Die B\u00fcrgerinitiative \u201eKeine neuen Windr\u00e4der in der Temnitz-Region\u201c hat sich gegr\u00fcndet, um gegen die Ausweisung weiterer Windeignungsgebieten im Amt Temnitz zu k\u00e4mpfen. \u00dcber 50 B\u00fcrger aus der Region Temnitz haben sich am 5. M\u00e4rz 2014 zusammengetan, um gegen das Vorgehen der Regionalen Planungsgemeinschaft Prignitz-Oberhavel zu protestieren. Die Mitglieder der BI fordern:<\/strong><\/p>\n<ul>\n<li>Keine Planung weiterer Windeignungsgebiete im Amt Temnitz<\/li>\n<li>Keine Best\u00e4tigung derzeit geplanter Windeignungsgebiete<\/li>\n<li>Keine weitere Bebauung bereits best\u00e4tigter Windeignungsgebiete<\/li>\n<li>Neuverteilung des Stimmrechts in der Regionalen Planungsgemeinschaft: Es soll jeweils nur der betroffene Kreis \u00fcber die geplanten Anlagen abstimmen<\/li>\n<li>Auswertung der bisherigen Windanlangen und ihrer Auswirkungen auf die Gesundheit der B\u00fcrger, Flora und Fauna und das Schutzgut Landschaft<\/li>\n<\/ul>\n<p>Unter dem Begriff Temnitz-Region haben sich B\u00fcrger der Gemeinden Ganzer, Rohrlack, Wildberg, Garz, Dabergotz, K\u00fcdow, L\u00fcchfeld zusammengetan, um gemeinsam gegen die Bedrohung unserer Region zu protestieren.<\/p>\n<p><\/p>","protected":false},"excerpt":{"rendered":"<p>Die B\u00fcrgerinitiative \u201eKeine neuen Windr\u00e4der in der Temnitz-Region\u201c hat sich gegr\u00fcndet, um gegen die Ausweisung weiterer Windeignungsgebieten im Amt Temnitz zu k\u00e4mpfen. \u00dcber 50 B\u00fcrger aus der Region Temnitz haben sich am 5. M\u00e4rz 2014 zusammengetan, um gegen das Vorgehen der Regionalen Planungsgemeinschaft Prignitz-Oberhavel zu protestieren. Die Mitglieder der BI fordern: Keine Planung weiterer Windeignungsgebiete [&hellip;]<\/p>\n","protected":false},"author":1,"featured_media":0,"parent":0,"menu_order":50,"comment_status":"closed","ping_status":"open","template":"","meta":{"footnotes":""},"class_list":["post-52","page","type-page","status-publish","hentry"],"_links":{"self":[{"href":"http:\/\/www.gegenwind-temnitz.de\/index.php?rest_route=\/wp\/v2\/pages\/52","targetHints":{"allow":["GET"]}}],"collection":[{"href":"http:\/\/www.gegenwind-temnitz.de\/index.php?rest_route=\/wp\/v2\/pages"}],"about":[{"href":"http:\/\/www.gegenwind-temnitz.de\/index.php?rest_route=\/wp\/v2\/types\/page"}],"author":[{"embeddable":true,"href":"http:\/\/www.gegenwind-temnitz.de\/index.php?rest_route=\/wp\/v2\/users\/1"}],"replies":[{"embeddable":true,"href":"http:\/\/www.gegenwind-temnitz.de\/index.php?rest_route=%2Fwp%2Fv2%2Fcomments&post=52"}],"version-history":[{"count":6,"href":"http:\/\/www.gegenwind-temnitz.de\/index.php?rest_route=\/wp\/v2\/pages\/52\/revisions"}],"predecessor-version":[{"id":350,"href":"http:\/\/www.gegenwind-temnitz.de\/index.php?rest_route=\/wp\/v2\/pages\/52\/revisions\/350"}],"wp:attachment":[{"href":"http:\/\/www.gegenwind-temnitz.de\/index.php?rest_route=%2Fwp%2Fv2%2Fmedia&parent=52"}],"curies":[{"name":"wp","href":"https:\/\/api.w.org\/{rel}","templated":true}]}}